{"id":23,"date":"2022-08-14T15:38:57","date_gmt":"2022-08-14T15:38:57","guid":{"rendered":"http:\/\/www.huzurbeyindebaslar.com\/?page_id=23"},"modified":"2022-09-17T09:26:20","modified_gmt":"2022-09-17T09:26:20","slug":"hakkimda","status":"publish","type":"page","link":"http:\/\/www.huzurbeyindebaslar.com\/index.php\/hakkimda\/","title":{"rendered":"HAKKIMDA"},"content":{"rendered":"\n<h2 class=\"wp-block-heading\">Y\u00fcksel ERD\u0130N<\/h2>\n\n\n\n<div class=\"wp-block-media-text alignwide has-media-on-the-right is-stacked-on-mobile\"><figure class=\"wp-block-media-text__media\"><img loading=\"lazy\" decoding=\"async\" width=\"576\" height=\"1024\" src=\"http:\/\/www.huzurbeyindebaslar.com\/wp-content\/uploads\/2022\/08\/Yuksel-Erdin-foto-2-576x1024.jpeg\" alt=\"\" class=\"wp-image-44 size-full\" srcset=\"http:\/\/www.huzurbeyindebaslar.com\/wp-content\/uploads\/2022\/08\/Yuksel-Erdin-foto-2-576x1024.jpeg 576w, http:\/\/www.huzurbeyindebaslar.com\/wp-content\/uploads\/2022\/08\/Yuksel-Erdin-foto-2-169x300.jpeg 169w, http:\/\/www.huzurbeyindebaslar.com\/wp-content\/uploads\/2022\/08\/Yuksel-Erdin-foto-2-768x1366.jpeg 768w, http:\/\/www.huzurbeyindebaslar.com\/wp-content\/uploads\/2022\/08\/Yuksel-Erdin-foto-2-864x1536.jpeg 864w, http:\/\/www.huzurbeyindebaslar.com\/wp-content\/uploads\/2022\/08\/Yuksel-Erdin-foto-2.jpeg 899w\" sizes=\"(max-width: 576px) 100vw, 576px\" \/><\/figure><div class=\"wp-block-media-text__content\">\n<p>31.10.1969 tarihinde \u0130stanbul&#8217;da d\u00fcnyaya geldim. K\u00fc\u00e7\u00fck ya\u015flardan itibaren bilinmeyenlere kar\u015f\u0131 merak\u0131m vard\u0131 ve felsefe, din, spirit\u00fcalizm, hipnoz, holistik t\u0131p, sa\u011fl\u0131k konular\u0131nda ara\u015ft\u0131rmalar yapt\u0131m. Bu konular ilgili bir \u00e7ok seminer, workshop ve e\u011fitimlere kat\u0131ld\u0131m.&nbsp;<\/p>\n\n\n\n<p>Ayn\u0131 zamanda bu konularda yay\u0131nlanm\u0131\u015f bilimsel ara\u015ft\u0131rma, kitap ve belgeselleri takip ettim. Dr. Ender Vardar ve Hakan Meng\u00fc\u00e7\u2019\u00fcn birlikte verdikleri hipnoz e\u011fitimlerine kat\u0131ld\u0131m.<\/p>\n\n\n\n<p>&#8220;Zay\u0131flamada son s\u00f6z&#8221; kitab\u0131n\u0131n yazar\u0131 n\u00f6robilim uzman\u0131 Deniz Egece&#8217;nin workshoplar\u0131na kat\u0131ld\u0131m. Etiler de a\u00e7t\u0131\u011f\u0131m Sa\u011fl\u0131k Merkezinde subliminal telkin ve subliminal g\u00f6rsel cihazlar\u0131n\u0131 uygulad\u0131m. &#8220;Kahuna \u015eifac\u0131l\u0131\u011f\u0131 Ho&#8217;oponopono Kentli \u015eaman E\u011fitimi&#8221; Mert Can beyin uygulamal\u0131 e\u011fitimlerine kat\u0131ld\u0131m.\u00a0<\/p>\n\n\n\n<p>&nbsp; Y\u0131llar i\u00e7inde elde etti\u011fim t\u00fcm verileri, \u015fa\u015f\u0131rt\u0131c\u0131 ara\u015ft\u0131rma sonu\u00e7lar\u0131 ve kendi deneyimlerimi kitab\u0131mda payla\u015ft\u0131m.&nbsp;<\/p>\n\n\n\n<p>&nbsp; Kitab\u0131ma okuyan t\u00fcm dostlara tekam\u00fcl yollar\u0131nda ilerlemelerine bir nebze yard\u0131mc\u0131 olabilirsem benim i\u00e7in en b\u00fcy\u00fck mutluluk olacakt\u0131r.<\/p>\n<\/div><\/div>\n","protected":false},"excerpt":{"rendered":"<p>Y\u00fcksel ERD\u0130N 31.10.1969 tarihinde \u0130stanbul&#8217;da d\u00fcnyaya geldim. K\u00fc\u00e7\u00fck ya\u015flardan itibaren bilinmeyenlere kar\u015f\u0131 merak\u0131m vard\u0131 ve felsefe, din, spirit\u00fcalizm, hipnoz, holistik t\u0131p, sa\u011fl\u0131k konular\u0131nda ara\u015ft\u0131rmalar yapt\u0131m. Bu konular ilgili bir \u00e7ok seminer, workshop ve e\u011fitimlere kat\u0131ld\u0131m.&nbsp; Ayn\u0131 zamanda bu konularda yay\u0131nlanm\u0131\u015f bilimsel ara\u015ft\u0131rma, kitap ve belgeselleri &hellip; <\/p>\n","protected":false},"author":1,"featured_media":0,"parent":0,"menu_order":0,"comment_status":"closed","ping_status":"closed","template":"","meta":{"footnotes":""},"_links":{"self":[{"href":"http:\/\/www.huzurbeyindebaslar.com\/index.php\/wp-json\/wp\/v2\/pages\/23"}],"collection":[{"href":"http:\/\/www.huzurbeyindebaslar.com\/index.php\/wp-json\/wp\/v2\/pages"}],"about":[{"href":"http:\/\/www.huzurbeyindebaslar.com\/index.php\/wp-json\/wp\/v2\/types\/page"}],"author":[{"embeddable":true,"href":"http:\/\/www.huzurbeyindebaslar.com\/index.php\/wp-json\/wp\/v2\/users\/1"}],"replies":[{"embeddable":true,"href":"http:\/\/www.huzurbeyindebaslar.com\/index.php\/wp-json\/wp\/v2\/comments?post=23"}],"version-history":[{"count":5,"href":"http:\/\/www.huzurbeyindebaslar.com\/index.php\/wp-json\/wp\/v2\/pages\/23\/revisions"}],"predecessor-version":[{"id":211,"href":"http:\/\/www.huzurbeyindebaslar.com\/index.php\/wp-json\/wp\/v2\/pages\/23\/revisions\/211"}],"wp:attachment":[{"href":"http:\/\/www.huzurbeyindebaslar.com\/index.php\/wp-json\/wp\/v2\/media?parent=23"}],"curies":[{"name":"wp","href":"https:\/\/api.w.org\/{rel}","templated":true}]}}

<h2 class="wp-block-heading">Yüksel ERDİN</h2>



<div class="wp-block-media-text alignwide has-media-on-the-right is-stacked-on-mobile"><figure class="wp-block-media-text__media"><img loading="lazy" decoding="async" width="576" height="1024" src="http://www.huzurbeyindebaslar.com/wp-content/uploads/2022/08/Yuksel-Erdin-foto-2-576x1024.jpeg" alt="" class="wp-image-44 size-full" srcset="http://www.huzurbeyindebaslar.com/wp-content/uploads/2022/08/Yuksel-Erdin-foto-2-576x1024.jpeg 576w, http://www.huzurbeyindebaslar.com/wp-content/uploads/2022/08/Yuksel-Erdin-foto-2-169x300.jpeg 169w, http://www.huzurbeyindebaslar.com/wp-content/uploads/2022/08/Yuksel-Erdin-foto-2-768x1366.jpeg 768w, http://www.huzurbeyindebaslar.com/wp-content/uploads/2022/08/Yuksel-Erdin-foto-2-864x1536.jpeg 864w, http://www.huzurbeyindebaslar.com/wp-content/uploads/2022/08/Yuksel-Erdin-foto-2.jpeg 899w" sizes="(max-width: 576px) 100vw, 576px" /></figure><div class="wp-block-media-text__content">
<p>31.10.1969 tarihinde İstanbul&#8217;da dünyaya geldim. Küçük yaşlardan itibaren bilinmeyenlere karşı merakım vardı ve felsefe, din, spiritüalizm, hipnoz, holistik tıp, sağlık konularında araştırmalar yaptım. Bu konular ilgili bir çok seminer, workshop ve eğitimlere katıldım.&nbsp;</p>



<p>Aynı zamanda bu konularda yayınlanmış bilimsel araştırma, kitap ve belgeselleri takip ettim. Dr. Ender Vardar ve Hakan Mengüç’ün birlikte verdikleri hipnoz eğitimlerine katıldım.</p>



<p>&#8220;Zayıflamada son söz&#8221; kitabının yazarı nörobilim uzmanı Deniz Egece&#8217;nin workshoplarına katıldım. Etiler de açtığım Sağlık Merkezinde subliminal telkin ve subliminal görsel cihazlarını uyguladım. &#8220;Kahuna Şifacılığı Ho&#8217;oponopono Kentli Şaman Eğitimi&#8221; Mert Can beyin uygulamalı eğitimlerine katıldım. </p>



<p>&nbsp; Yıllar içinde elde ettiğim tüm verileri, şaşırtıcı araştırma sonuçları ve kendi deneyimlerimi kitabımda paylaştım.&nbsp;</p>



<p>&nbsp; Kitabıma okuyan tüm dostlara tekamül yollarında ilerlemelerine bir nebze yardımcı olabilirsem benim için en büyük mutluluk olacaktır.</p>
</div></div>

<p>Yüksel ERDİN 31.10.1969 tarihinde İstanbul&#8217;da dünyaya geldim. Küçük yaşlardan itibaren bilinmeyenlere karşı merakım vardı ve felsefe, din, spiritüalizm, hipnoz, holistik tıp, sağlık konularında araştırmalar yaptım. Bu konular ilgili bir çok seminer, workshop ve eğitimlere katıldım.&nbsp; Aynı zamanda bu konularda yayınlanmış bilimsel araştırma, kitap ve belgeselleri &hellip; </p>
